*k + 5*z, l*z = 3*k - 298. What are the prime factors of k?
2, 7
List the prime factors of (39173/(-43))/((-1)/17).
17, 911
Suppose 58 = 6*a - 32. Let b(o) = o**3 - 10*o**2 - 5*o + 7. List the prime factors of b(a).
7, 151
Let z = -68 - -89. Suppose 3*x - z = -5*k, -2*x - 4 = -4*x. Suppose d + 3 = -0*d, d - 126 = -k*n. What are the prime factors of n?
43
Suppose 2*c - 5*s - 424 = 0, 0 = 3*s - 2*s - 4. Suppose 2*d + 0*d = c. Let h = d + -15. What are the prime factors of h?
2, 3
Suppose r + 147 = 351. Suppose n - 2*z - 216 = -3*n, 4*n + z = r. What are the prime factors of n?
2, 13
What are the prime factors of (-101278)/(-6) - 8*(-10)/(-120)?
16879
Let h be 100 - (-1 - -2 - 0). Suppose 257 + 119 = 8*a. Suppose h = 2*i + a. What are the prime factors of i?
2, 13
Let k(t) = -26 + 8*t - 36*t**2 + 47062*t**3 + 9*t - 47066*t**3. What are the prime factors of k(-12)?
2, 7, 107
Let o be ((2 - -201) + -1)*(18 + -19). Let t = 246 + o. List the prime factors of t.
2, 11
Suppose 109*h - 2 = 111*h. Let q be (0/3)/(h*(-3 + 2)). List the prime factors of (q + (-696)/18)/((-4)/6).
2, 29
Suppose -5*a - 5268 = -2*t + 34348, a - 19787 = -t. List the prime factors of t.
19793
Suppose 36*s + 120 = 51*s. What are the prime factors of 1386 + s + (-12 - -7)?
3, 463
List the prime factors of (582/9)/(12/108).
2, 3, 97
Let f = -36 + 39. Suppose 2*t - f*p - 534 = 0, 0*p + 1052 = 4*t - 2*p. Let u = -176 + t. What are the prime factors of u?
5, 17
Let u(y) = -6*y - 203. Let w be u(-35). Suppose k = 5, -4*c + 0*k - k = -617. Let q = c - w. List the prime factors of q.
2, 73
Suppose -4*a = 12, 0 = 3*t - 2*a - 14 - 4. Let q(k) = 257*k - 5. Let x be q(1). Suppose 324 = t*s - x. What are the prime factors of s?
2, 3
Suppose 2908*o = 2887*o + 79107. What are the prime factors of o?
3767
Let h(x) = 774*x + 410. List the prime factors of h(8).
2, 3301
Suppose 503831 = 77*k - 64*k + 89365. What are the prime factors of k?
2, 19, 839
Let q = 159 - 151. Suppose q*t - 4315 = -1003. List the prime factors of t.
2, 3, 23
Let y(f) = 15*f - 49. Let w be y(-38). Let p = -220 - w. List the prime factors of p.
3, 7, 19
Let p(c) = c**3 + 6*c**2 + 2*c + 2. Let h be p(-5). Let x(n) = 2*n**3 - 33*n**2 + 23*n - 17. List the prime factors of x(h).
3, 13, 17
Let w(a) = -7*a + 48. Let d be 18/24 + 108/(-16). Let q be w(d). Suppose -2*y + q = -3*n + n, -5*y + 211 = 2*n. List the prime factors of y.
43
Suppose 20*t + 475210 = 63*t - 255575. List the prime factors of t.
3, 5, 11, 103
Suppose 6*v + 7*v - 30407 = 0. Let i = v + -1598. List the prime factors of i.
3, 13, 19
Let z = -90 + 91. Let p be (-24)/16*(-7 + z). What are the prime factors of (-11)/(231/p) + 1186/7?
13
Let d(a) = a**2 - a - 1. Let y(s) = -6*s**2 - 2*s + 8. Let o(z) = -5*d(z) - y(z). Let m be o(-6). What are the prime factors of (m/(-2))/((-4)/(-88) - 0)?
3, 11
Suppose 2*y = -4*c - 24, -4*c = y - 9*c - 16. Let l(m) = 65*m**2 + 20*m + 77. List the prime factors of l(y).
17, 61
Let w = -3387 - -12680. List the prime factors of w.
9293
Let r = -20438 - -44570. List the prime factors of r.
2, 3, 2011
Suppose -4*d + 2573 = 5*w, -d = 2*w - 283 - 361. Let m = -90 + d. What are the prime factors of m?
2, 3, 23
Suppose -79*f = 5*c - 74*f - 5085, 3*c + 5*f - 3057 = 0. What are the prime factors of c?
2, 3, 13
Let c(u) = 332*u - 4078. What are the prime factors of c(98)?
2, 3, 17, 31
Let b(x) = -110*x**3 - 13*x**2 - 3*x - 41. List the prime factors of b(-6).
23269
Suppose -112 + 100 = -3*f. Suppose -f*j = -8 - 8. What are the prime factors of j?
2
Suppose 5*u - 19 = 1. Suppose 0*h + h = -4*v + 260, 2*h = u*v - 272. List the prime factors of v/8 - (-2)/(-8).
2
Suppose -2*g + p = -409, 61 = g + 2*p - 141. Suppose 16*j + g = 20*j. What are the prime factors of j?
3, 17
Let z = -10 - -12. Let w(r) = -41*r**2 - 3*r - 1. Let g be w(z). List the prime factors of 12/(1 - -3) - g.
2, 3, 29
Let w(r) = -r**2 - 24*r + 447. Let x be w(-36). Suppose 0 = -22*c + x*c + 8456. List the prime factors of c.
2, 151
Let p = 3325 - 2102. Suppose -c = -3*o - 65 + p, -3*c + 1557 = 4*o. What are the prime factors of o?
3, 43
Suppose -5*p + 968 = -882. List the prime factors of ((-9)/((-225)/p))/((-5)/(-150)).
2, 3, 37
List the prime factors of 15/2*(-3275800)/(-825).
2, 5, 1489
Let j = 2564 - -8303. What are the prime factors of j?
10867
Let a(s) = -s**3 + 134*s**2 - 247*s + 659. List the prime factors of a(131).
3, 5, 1319
Let g(i) = -167*i + 22. Let l be g(4). Let c = l - -971. List the prime factors of c.
5, 13
Let j be (4 + -11)/(-1 + 2). Let m be (-1)/(-2)*j*-2. Suppose -c + 16 = -m. List the prime factors of c.
23
Let f = 105 - -7. Let m = f + 141. What are the prime factors of m?
11, 23
Suppose -11*b + 2*b = -8*b. Suppose 33*y - 22*y - 5269 = b. What are the prime factors of y?
479
Let y = 619 + -624. What are the prime factors of (-7 - y)/((-55)/45 - -1)?
3
Let r(k) be the third derivative of 3/20*k**5 + 1/120*k**6 + 0 + 11/24*k**4 - 14*k**2 + 0*k + 4/3*k**3. List the prime factors of r(-7).
29
Let s(t) = t**2 + 7*t - 3. Let x be s(8). Suppose 0 = -3*r + x + 303. Suppose 3*c - r = -c. What are the prime factors of c?
5, 7
List the prime factors of (-33 + 1)*50/(-75)*(-50892)/(-32).
2, 4241
Let w = -969 + 1981. List the prime factors of w.
2, 11, 23
Let y(l) = -l**2 - 5*l + 52. Let r be y(-10). Suppose 0 = -3*c + 3 - 12, -189 = -r*x - c. List the prime factors of x.
2, 3
Suppose -3*n = -3*s - 0*s, -4*n = 4*s. List the prime factors of ((s - -4) + -5)*(1 + -182).
181
Let u be 2 - 9 - (-3585)/5. Let d = 15 + u. What are the prime factors of d?
5, 29
Suppose -704*c + 254176 + 246128 = -662*c. What are the prime factors of c?
2, 1489
Suppose 3*o - 17805 = 21*p - 22*p, o = -p + 17807. What are the prime factors of p?
2, 3, 7, 53
Let a = -2223 + 3218. Let k = a - 568. What are the prime factors of k?
7, 61
What are the prime factors of -2*(657033/(-156))/(-1*(-4)/8)?
17, 991
Let p(h) = 16*h - 27. Let m(b) = -b + 1. Let u be (-10)/5 + (3*-1 - 1). Let o(v) = u*m(v) - p(v). List the prime factors of o(-10).
11
Let o(k) = -k**2 + 64*k - 146. Let d be o(59). Let j(y) = 11*y**2 + 4*y - 6. Let f be j(-5). Let v = f - d. What are the prime factors of v?
2, 5
Let x(y) = -85*y + 57. Let r(f) = -28*f + 19. Let w(a) = 11*r(a) - 4*x(a). Let c be w(3). Suppose 73*u - 72*u - c = 0. List the prime factors of u.
7, 11
Suppose 4*w = -5*b + 66, -3*w - 7*b = -10*b - 36. Let y(j) = 132*j + 226. List the prime factors of y(w).
2, 17, 61
Let w = 2918 + -2041. Let z = w + 649. List the prime factors of z.
2, 7, 109
Let v(g) = -16*g - 33. Let a(k) = 15*k + 34. Let c be ((-88)/33)/((-1)/(3/2)). Let b(f) = c*v(f) + 3*a(f). What are the prime factors of b(-4)?
2, 23
Suppose 6*r + 34 = -44. Let n(g) = g**2 + 7*g + 4. Let s be n(r). Suppose s = 2*o - 4*k, 4*o + k = 2*o + 97. List the prime factors of o.
47
Let w = 550 + -504. Suppose 7*l = w + 4742. What are the prime factors of l?
2, 3, 19
Let u be -8 + 1 - (-27 + 14). Suppose -2*o - 1078 = -u*o + 2*g, -3*o = 4*g - 781. What are the prime factors of o?
3, 89
Suppose -5*f + 70137 = -2*i - 69446, 4*i = -4*f + 111644. List the prime factors of f.
3, 5, 1861
Suppose 8*j = 2399 + 969. Suppose 1861 = 14*d - j. What are the prime factors of d?
163
Let g(b) = -b**2 - 15*b - 24. Let s be g(-13). Let i be s + 2 + 132 + 3. Suppose i = r - 2*c, -3*r + 3*c = -c - 407. List the prime factors of r.
3, 43
Let s(h) = h**3 - 4*h**2 - 17*h - 29. Let c be s(7). What are the prime factors of (c + -14)/(4/(-268))?
3, 5, 67
Let y(u) = -4553*u - 832. List the prime factors of y(-5).
3, 2437
Let w(y) = 7*y + 4 + y - 7*y + 12. Let x be w(-15). Suppose 3*h - 198 = -3*j, 3*j + 4 - x = 0. List the prime factors of h.
67
Let j = -155 - -187. Suppose -11*m - 8064 = -j*m. List the prime factors of m.
2, 3
Let r(b) = -3*b**3 + 5*b**2 + 45*b + 176. What are the prime factors of r(-13)?
7027
Let u be (-1 + (-1)/(-2))/((-2)/8). Let v be 62403/305 + ((-8)/(-10))/u. Suppose 2*d - g = -3*d + 992, d + 2*g = v. List the prime factors of d.
199
Suppose 5*t - 3*b + 2414 = -2301, -b - 4735 = 5*t. Let j = -504 - t. List the prime factors of j.
2, 13, 17
Let w be (-2 - -3 - 9)*2. Let u = -7 - w. List the prime factors of (-2)/u - (-434)/9.
2, 3
Let y(n) = 225*n**3 + 15*n**2 - 36*n - 3.